{"id":339,"date":"2025-11-09T20:42:38","date_gmt":"2025-11-09T19:42:38","guid":{"rendered":"https:\/\/hujer.net\/?page_id=339"},"modified":"2025-11-09T21:01:52","modified_gmt":"2025-11-09T20:01:52","slug":"clanky","status":"publish","type":"page","link":"https:\/\/hujer.net\/?page_id=339","title":{"rendered":"\u010cl\u00e1nky"},"content":{"rendered":"\n<div class=\"wp-block-group is-layout-flow wp-block-group-is-layout-flow\" style=\"padding-top:30px;padding-right:30px;padding-bottom:30px;padding-left:30px\">\n<div class=\"wp-block-columns is-layout-flex wp-container-core-columns-is-layout-28f84493 wp-block-columns-is-layout-flex\">\n<div class=\"wp-block-column is-layout-flow wp-block-column-is-layout-flow\" style=\"flex-basis:50%\">\n<div class=\"wp-block-query is-layout-flow wp-block-query-is-layout-flow\"><ul class=\"wp-block-post-template is-layout-flow wp-block-post-template-is-layout-flow\"><li class=\"wp-block-post post-460 post type-post status-publish format-standard has-post-thumbnail hentry category-astronomie category-deepsky\">\n<figure class=\"wp-block-post-featured-image\"><img loading=\"lazy\" decoding=\"async\" width=\"620\" height=\"413\" src=\"https:\/\/hujer.net\/wp-content\/uploads\/2026\/03\/galzima-2025.jpg\" class=\"attachment-post-thumbnail size-post-thumbnail wp-post-image\" alt=\"\" style=\"object-fit:cover;\" srcset=\"https:\/\/hujer.net\/wp-content\/uploads\/2026\/03\/galzima-2025.jpg 620w, https:\/\/hujer.net\/wp-content\/uploads\/2026\/03\/galzima-2025-300x200.jpg 300w\" sizes=\"auto, (max-width: 620px) 100vw, 620px\" \/><\/figure>\n\n<h2 class=\"wp-block-post-title\">Zimn\u00ed putov\u00e1n\u00ed za Galaxiemi<\/h2>\n\n<div class=\"wp-block-post-date\"><time datetime=\"2026-03-22T15:23:57+01:00\">22. 3. 2026<\/time><\/div>\n\n\n<div style=\"height:200px\" aria-hidden=\"true\" class=\"wp-block-spacer\"><\/div>\n\n<\/li><li class=\"wp-block-post post-428 post type-post status-publish format-standard has-post-thumbnail hentry category-astronomie\">\n<figure class=\"wp-block-post-featured-image\"><img loading=\"lazy\" decoding=\"async\" width=\"2560\" height=\"1440\" src=\"https:\/\/hujer.net\/wp-content\/uploads\/2025\/12\/Uvod-1-scaled.jpg\" class=\"attachment-post-thumbnail size-post-thumbnail wp-post-image\" alt=\"\" style=\"object-fit:cover;\" srcset=\"https:\/\/hujer.net\/wp-content\/uploads\/2025\/12\/Uvod-1-scaled.jpg 2560w, https:\/\/hujer.net\/wp-content\/uploads\/2025\/12\/Uvod-1-300x169.jpg 300w, https:\/\/hujer.net\/wp-content\/uploads\/2025\/12\/Uvod-1-768x432.jpg 768w, https:\/\/hujer.net\/wp-content\/uploads\/2025\/12\/Uvod-1-1536x864.jpg 1536w, https:\/\/hujer.net\/wp-content\/uploads\/2025\/12\/Uvod-1-2048x1152.jpg 2048w\" sizes=\"auto, (max-width: 2560px) 100vw, 2560px\" \/><\/figure>\n\n<h2 class=\"wp-block-post-title\">Rok 2025 z pohledu astrofotografa<\/h2>\n\n<div class=\"wp-block-post-date\"><time datetime=\"2025-12-31T12:00:00+01:00\">31. 12. 2025<\/time><\/div>\n\n\n<div style=\"height:200px\" aria-hidden=\"true\" class=\"wp-block-spacer\"><\/div>\n\n<\/li><\/ul><\/div>\n<\/div>\n\n\n\n<div class=\"wp-block-column is-layout-flow wp-block-column-is-layout-flow\" style=\"flex-basis:50%\">\n<div class=\"wp-block-query is-layout-flow wp-block-query-is-layout-flow\"><ul class=\"wp-block-post-template is-layout-flow wp-block-post-template-is-layout-flow\"><li class=\"wp-block-post post-406 post type-post status-publish format-standard has-post-thumbnail hentry category-astronomie category-deepsky\">\n\n<div style=\"height:200px\" aria-hidden=\"true\" class=\"wp-block-spacer\"><\/div>\n\n\n<figure class=\"wp-block-post-featured-image\"><img loading=\"lazy\" decoding=\"async\" width=\"563\" height=\"422\" src=\"https:\/\/hujer.net\/wp-content\/uploads\/2025\/12\/Uvod-e1765703105888.png\" class=\"attachment-post-thumbnail size-post-thumbnail wp-post-image\" alt=\"\" style=\"object-fit:cover;\" srcset=\"https:\/\/hujer.net\/wp-content\/uploads\/2025\/12\/Uvod-e1765703105888.png 563w, https:\/\/hujer.net\/wp-content\/uploads\/2025\/12\/Uvod-e1765703105888-300x225.png 300w\" sizes=\"auto, (max-width: 563px) 100vw, 563px\" \/><\/figure>\n\n<h2 class=\"wp-block-post-title\">Trpasl\u00edk v zemi Ji\u017en\u00edho k\u0159\u00ed\u017ee<\/h2>\n\n<div class=\"wp-block-post-date\"><time datetime=\"2025-12-14T10:07:58+01:00\">14. 12. 2025<\/time><\/div>\n<\/li><li class=\"wp-block-post post-321 post type-post status-publish format-standard has-post-thumbnail hentry category-astronomie category-deepsky\">\n\n<div style=\"height:200px\" aria-hidden=\"true\" class=\"wp-block-spacer\"><\/div>\n\n\n<figure class=\"wp-block-post-featured-image\"><img loading=\"lazy\" decoding=\"async\" width=\"1161\" height=\"774\" src=\"https:\/\/hujer.net\/wp-content\/uploads\/2025\/11\/Snimek-obrazovky-2025-11-09-v-13.49.39.png\" class=\"attachment-post-thumbnail size-post-thumbnail wp-post-image\" alt=\"\" style=\"object-fit:cover;\" srcset=\"https:\/\/hujer.net\/wp-content\/uploads\/2025\/11\/Snimek-obrazovky-2025-11-09-v-13.49.39.png 1161w, https:\/\/hujer.net\/wp-content\/uploads\/2025\/11\/Snimek-obrazovky-2025-11-09-v-13.49.39-300x200.png 300w, https:\/\/hujer.net\/wp-content\/uploads\/2025\/11\/Snimek-obrazovky-2025-11-09-v-13.49.39-768x512.png 768w\" sizes=\"auto, (max-width: 1161px) 100vw, 1161px\" \/><\/figure>\n\n<h2 class=\"wp-block-post-title\">Dv\u011b st\u0159\u00edbrn\u00e9 a osm bronzov\u00fdch<\/h2>\n\n<div class=\"wp-block-post-date\"><time datetime=\"2025-11-09T14:01:35+01:00\">9. 11. 2025<\/time><\/div>\n<\/li><\/ul><\/div>\n<\/div>\n<\/div>\n<\/div>\n","protected":false},"excerpt":{"rendered":"","protected":false},"author":1,"featured_media":0,"parent":0,"menu_order":0,"comment_status":"closed","ping_status":"closed","template":"blog-right-sidebar","meta":{"footnotes":""},"class_list":["post-339","page","type-page","status-publish","hentry"],"_links":{"self":[{"href":"https:\/\/hujer.net\/index.php?rest_route=\/wp\/v2\/pages\/339","targetHints":{"allow":["GET"]}}],"collection":[{"href":"https:\/\/hujer.net\/index.php?rest_route=\/wp\/v2\/pages"}],"about":[{"href":"https:\/\/hujer.net\/index.php?rest_route=\/wp\/v2\/types\/page"}],"author":[{"embeddable":true,"href":"https:\/\/hujer.net\/index.php?rest_route=\/wp\/v2\/users\/1"}],"replies":[{"embeddable":true,"href":"https:\/\/hujer.net\/index.php?rest_route=%2Fwp%2Fv2%2Fcomments&post=339"}],"version-history":[{"count":4,"href":"https:\/\/hujer.net\/index.php?rest_route=\/wp\/v2\/pages\/339\/revisions"}],"predecessor-version":[{"id":343,"href":"https:\/\/hujer.net\/index.php?rest_route=\/wp\/v2\/pages\/339\/revisions\/343"}],"wp:attachment":[{"href":"https:\/\/hujer.net\/index.php?rest_route=%2Fwp%2Fv2%2Fmedia&parent=339"}],"curies":[{"name":"wp","href":"https:\/\/api.w.org\/{rel}","templated":true}]}}